ue
Suppose -880 = -3*u - 0*j - j, 587 = 2*u + j. Is u a composite number?
False
Let g(t) be the second derivative of t**3/6 + 4*t**2 + 3*t. Let l be g(-6). Is (0 + 1)/(l/178) a prime number?
True
Let a(i) = 9*i + 3. Let w(u) = 1. Let k(p) = -a(p) - 4*w(p). Is k(-6) prime?
True
Suppose -3*i = -4*i + 3. Let c be (i + -2)*(-2 - 37). Let h = c - -92. Is h prime?
True
Suppose 5547 = 2*s - 351. Is s a composite number?
True
Let m(z) be the third derivative of z**6/120 - z**5/60 - z**4/24 + 127*z**3/6 + 5*z**2. Is m(0) composite?
False
Let d(j) = -3*j - 2. Let t(n) = n**3 + n**2 - 2*n. Let h be t(-2). Suppose r - 4*r - 21 = h. Is d(r) prime?
True
Let p(w) = 92*w - 2. Let l be p(4). Is l*3/(-18)*-3 a composite number?
True
Suppose 5*j = -9 - 6. Let b be (-3)/j - 3 - -7. Suppose -b*t = 138 - 413. Is t a composite number?
True
Let s(x) = -x + 1. Let w be s(-8). Let v be -15*393/w*-1. Suppose 3*j + 4*f - 501 = 0, f - v = -0*j - 4*j. Is j a prime number?
True
Let f = 32 - 16. Let i(b) = b**3 - 27*b**2 - b + 30. Let n be i(27). Suppose n*j - f = -7. Is j composite?
False
Let i = 27 + 10. Suppose 10*q - 5*q = 0. Is 2*i/2 + q composite?
False
Suppose 59*l + 13291 = 60*l. Is l prime?
True
Suppose 3*o - 859 = -4*y, -407 - 201 = -3*y + 5*o. Is y prime?
True
Suppose -1802 + 86 = -3*g. Suppose y - g = 4*p + 263, 3*y - 2512 = 5*p. Is y a composite number?
False
Let v(r) = r + 145. Let i be v(0). Let c(p) = p**3 + 6*p**2 - 2*p - 7. Let x be c(-6). Is i*(2 + (-7)/x) prime?
False
Let x be 12 - (3 - (1 + 0)). Let z(r) = 12*r - 14. Is z(x) composite?
True
Is (-2)/((-14)/(-14) + 882/(-878)) composite?
False
Suppose 0*i + 3 = 3*i. Is 89/i*(-1 - -2) a prime number?
True
Let r(s) = 0 + s**2 - 2*s + 2 + 0. Let k be (-3 + 2)/(1/5). Is r(k) prime?
True
Let p(k) be the third derivative of -k**6/120 + k**5/15 + k**4/12 - 2*k**3/3 - 2*k**2. Is p(3) composite?
False
Suppose -1083 - 144 = -3*w. Is w a composite number?
False
Suppose 4*l + 3*a + 4 = 3*l, -5*a + 5 = 4*l. Suppose l*m + 4*p = m + 116, 3*p = -2*m + 62. Is m a prime number?
False
Let k be 1 + 252/3 + 0. Let q = k + -27. Is q prime?
False
Let i be ((-114)/12)/((-1)/(-6)). Let d = i - -128. Is d a composite number?
False
Suppose -5*t = -141 - 104. Suppose 0 = -k + t + 36. Is k composite?
True
Suppose -5*x + 1 = -9. Suppose x*n = -2*n + 348. Is n prime?
False
Let v(t) = t**3. Let n be v(0). Suppose -x + 10 = -d - 50, n = 3*x - 2*d - 175. Is x a prime number?
False
Let j(d) = -d + 1. Let x(v) = 11*v + 2. Let m(h) = 2*j(h) - x(h). Is m(-5) a prime number?
False
Suppose -5*m + 23 = 8. Let w = 9 - 6. Is ((-25)/w)/((-1)/m) composite?
True
Suppose -4*o = -4*x + 4 + 16, 5 = 2*x - o. Suppose x*j + 4*j = 52. Is j prime?
True
Suppose -154*c - 29112 = -162*c. Is c prime?
False
Let c be 3/(-4*4/(-16)). Is c + (-3 - -5 - -44) prime?
False
Let w(h) be the second derivative of -h**5/20 - 11*h**4/12 - h**3/6 + 2*h**2 + h. Is w(-11) a composite number?
True
Let v be 20/(-15)*(-9)/6. Suppose v*x = 4*x - 74. Is x composite?
False
Let o(j) = -29*j + 11. Let k be o(-5). Suppose -3*g - g = -k. Is g prime?
False
Suppose -f = 3*k + 5, -2*k = -f - 3 - 2. Suppose -3*a + 48 + 105 = k. Suppose 0 = -t - j + 31 + a, 3*t - 251 = -4*j. Is t composite?
True
Suppose 0 = -l - 0*l + 4. Let c = -28 - -28. Suppose -5*g + 67 = -h + l*h, c = -h + g + 9. Is h prime?
False
Suppose -5 = 3*w - 2*w - 4*n, 15 = -3*w - 5*n. Let q(c) = -65*c + 6. Is q(w) a composite number?
False
Suppose 0*d + 3*r - 1796 = -4*d, 2*d + 5*r = 898. Is d composite?
False
Suppose -5*m + 1284 + 1026 = 0. Suppose 5*c = 283 + m. Is c prime?
True
Let o be 1/(0 + (-2)/(-4)). Suppose z = 3*l - 9, 9 = l + o*l. Suppose 3*d + g - 153 = 3*g, -2*d + 4*g + 110 = z. Is d a composite number?
True
Suppose 5*k + 375 = -4*a + 1544, k + 2*a = 229. Let d be 15/9 - 4/(-12). Suppose -z + 4*h = -79, 4*h - k = -z - d*z. Is z a composite number?
False
Is -3 - (-209 + 3 + 0) a composite number?
True
Suppose c + 8 = 3*t, 5 = 3*t - 7*c + 3*c. Let f(v) = -4 - 4*v + 81*v + 36*v. Is f(t) prime?
False
Let x(g) = -g**2 - 4*g + 1. Let z be x(-5). Let b(k) = 2*k**2 - 4*k + 5. Let c(v) = -5*v**2 + 9*v - 10. Let p(h) = z*c(h) - 9*b(h). Is p(-7) a composite number?
True
Let p(k) = -k - 1. Let f be p(-3). Suppose 99 = f*z + z. Is z a prime number?
False
Let n(v) = 2*v**2 - 8*v - 7. Let b(h) = h + 3. Let a be b(0). Let g = a + -8. Is n(g) a prime number?
True
Let y = 10 + -7. Suppose -b = y*h - 107, h + 0*h - 3*b = 29. Let u = h + -14. Is u prime?
False
Let a(d) = -d**3 + 9*d**2 - 8*d. Let p be a(8). Is (p - -1) + 155 + -7 composite?
False
Let k(z) = -2*z + 1. Suppose -3*x = -0*x - 12, -5*o - 3*x = 18. Let m be k(o). Suppose -3*j = -8 - m. Is j a prime number?
True
Suppose -971 = -3*s + 3*z - 7*z, -3*s + 991 = -z. Let a = s - -48. Is a composite?
True
Let k be (9/6)/((-1)/(-2)). Suppose 2*d = k*d - 14. Is d a composite number?
True
Let s be (7 - -5)*(-183)/(-4). Suppose -591 = 3*h + s. Is ((-6)/10)/(4/h) a composite number?
True
Let i be 1740/11 - 20/110. Suppose 4*s = 2*s + i. Is s composite?
False
Suppose z = 26 + 5. Is z composite?
False
Let j = -6 - -11. Suppose -2*u - u = 2*g - 10, 2*g - 18 = -j*u. Let w = g + 4. Is w composite?
False
Let q(t) = -t**3 + 2*t**2 - 4*t + 1. Is q(-3) composite?
True
Let l = 0 + 1115. Is l composite?
True
Is ((-156)/24)/((-1)/22) a prime number?
False
Let h = -11 + 100. Is h prime?
True
Let x(g) = g**3 - 6*g**2 + 7*g - 7. Let z be x(5). Suppose z*p - 53 = -4*a + 26, 4*p = 4*a + 152. Is p composite?
True
Let b(t) = -3*t - 11. Let k be b(-5). Suppose 0*h = k*h - 388. Is h a prime number?
True
Let u = 159 + -77. Is u a composite number?
True
Let n = 1 + 1. Suppose 0 = -n*k + 3*k - 109. Is k a prime number?
True
Let p be 3 + -1 + (-92)/(-1). Let v = -15 + p. Is v a prime number?
True
Is -2*(0 - (-2879)/(-2)) composite?
False
Suppose 3*x + 0*a = 4*a + 357, a + 348 = 3*x. Is x composite?
True
Let l(x) be the first derivative of -x**4/4 + 2*x**3 - 5*x + 1. Let i be l(6). Let c(n) = -n**3 - 5*n**2 - 6*n + 7. Is c(i) composite?
False
Suppose 5*n = -3*l + 17, 5*l + 3*n - 12 = 11. Suppose 2*t - 4*x - 10 = 0, -2*t + 15 = 2*t - 3*x. Is (35/l)/(t/12) composite?
True
Let w = 8 + -4. Let u be (-8)/12*(-18)/w. Is u - (0 + (2 - 90)) prime?
False
Suppose 2*c - 6*c = -12. Is 52/39 - (-2285)/c a prime number?
False
Let w(c) = c - 1. Let k be w(3). Suppose 0 = 2*u - 3*t - 37, 3*u = 2*t - k + 50. Is u prime?
False
Let s = 579 - 316. Is s composite?
False
Suppose -5*c = -9*c - 12. Is (-674)/(-2 - (-3 - c)) composite?
False
Let x(u) = -u + 7. Let c be x(5). Suppose -c*g = g - 288. Suppose -4*z - 2*d + g = 0, 7 = 3*d + 1. Is z composite?
False
Suppose 4*c + 35 = 679. Is c a prime number?
False
Let w(t) = 23*t**3 - t**2 - 3*t - 4. Let r be w(3). Suppose 0 = 4*z - 3*h + 2*h - r, -584 = -4*z - 4*h. Is z prime?
True
Let y be (-1 - 9/3) + 1. Let k = -6 + y. Let s(o) = 2*o**2 + 8*o - 5. Is s(k) prime?
False
Suppose -2*i = -6852 - 4894. Is i a composite number?
True
Suppose -8 = -3*g - g, -1169 = -5*p + 3*g. Is p prime?
False
Let c = 254 + 317. Is c prime?
True
Let c(p) be the first derivative of -23*p**2 - 7*p - 5. Is c(-5) prime?
True
Is (-80)/(-1) - 3/1 a prime number?
False
Suppose -o = o + 6. Let r be (-31)/((-2 + 5)/o). Suppose -2*d + 39 + r = 0. Is d a composite number?
True
Let z = -14 - -53. Is z a composite number?
True
Let i = -151 + 406. Suppose -4*b - 364 = -4*c, 198 = 5*c - 4*b - i. Is c a composite number?
False
Let t = 54 + -177. Let h = 441 + t. Suppose h - 80 = 2*r. Is r a prime number?
False
Let g = 2 + 1. Suppose g*p + 4 = -2*j - 2, -4*j = p + 12. Suppose -f + p*f = -59. Is f composite?
False
Let r(c) = -1. Suppose -2*o + 21 = 3*j, 5*j + 16 = 5*o + 1. Let p(a) = a + 39. Let k(x) = o*r(x) + p(x). Is k(0) prime?
False
Let l(m) = -m + 5. Let w be l(5). Suppose 5*q = -w*q + 230. Is q a prime number?
False
Let v(h) = -813*h - 10. Is v(-17) a composite number?
True
Suppose -3*v + 31 = -4*j + 13, 4*j = -12. Suppose -4*y - 21 = -0*q - 3*q, 2*y = -v*q. Suppose -q*x + 64 = -89. Is x a composite number?
True
Suppose 2*s = s. Suppose -3*b + 2*w = -197, s*b + 5*b = -3*w + 341. Is b a prime number?
True
Let d be 2/10 + 12/15. Suppose -r + k = 1, r - 3*k + 1 = 2*k. Is d - ((-2)/r - 192) a prime number?
True
Let m be 5/